{"id":6193,"date":"2025-05-13T11:14:38","date_gmt":"2025-05-13T09:14:38","guid":{"rendered":"https:\/\/192.168.2.57\/?page_id=6193"},"modified":"2025-05-14T09:19:24","modified_gmt":"2025-05-14T07:19:24","slug":"informativa-sulla-protezione-dei-dati-personali","status":"publish","type":"page","link":"https:\/\/infonews.notartel.it\/index.php\/informativa-sulla-protezione-dei-dati-personali\/","title":{"rendered":"INFORMATIVA SULLA PROTEZIONE DEI DATI PERSONALI"},"content":{"rendered":"<div class=\"post-content\">\n<p><strong>INFORMATIVA SUL TRATTAMENTO DEI DATI PERSONALI<\/strong><strong><\/strong><\/p>\n\n\n\n<p><strong><em>in conformit\u00e0 alle disposizioni dell\u2019art. 13 <\/em><\/strong><strong><em>Regolamento <\/em><\/strong><strong><em>UE <\/em><\/strong><strong><em>679\/2016<\/em><\/strong><strong><em> sul trattamento dei dati personali &#8211; (Regolamento)<\/em><\/strong><\/p>\n\n\n\n<p>Ai sensi dell&#8217;art. 13 del Regolamento, che tutela i diritti e le libert\u00e0 delle persone i cui dati personali sono sottoposti a trattamento \u00e8 nostra cura fornirLe alcune informazioni relative al trattamento dei Suoi dati personali per l\u2019invio di comunicazioni informative tramite newsletter.<\/p>\n\n\n\n<p>Notartel S.p.A.-S.B., societ\u00e0 informatica del notariato con sede legale in via G.V.Gravina 4 \u2011 00196 Roma, P.IVA 05364151000 e numero di iscrizione nel registro delle imprese di Roma 05364151000 La informa di essere il Titolare del trattamento dei dati indicati nella presente informativa.<\/p>\n\n\n\n<p>Il Titolare ha nominato un Responsabile della Protezione dei Dati i cui dati di contatto sono indicati in calce a questa informativa.<\/p>\n\n\n\n<p>Il trattamento sar\u00e0 effettuato nel rispetto dei principi di correttezza, liceit\u00e0 e trasparenza, nonch\u00e9 a tutela della Sua riservatezza e dei Suoi diritti.<\/p>\n\n\n\n<p>1. <strong>Quali dati prendiamo durante la registrazione<\/strong><\/p>\n\n\n\n<ol class=\"wp-block-list\"><\/ol>\n\n\n\n<p>Per l\u2019invio della newsletter, il Titolare raccoglie e tratta il seguente dato personale fornito volontariamente dall\u2019interessato al momento dell\u2019iscrizione:<\/p>\n\n\n\n<ul class=\"wp-block-list\">\n<li>e-mail<\/li>\n<\/ul>\n\n\n\n<p>2. <strong>Per quali finalit\u00e0 e su quale base giuridica effettuiamo il trattamento dei Suoi dati personali<\/strong><\/p>\n\n\n\n<p>I dati raccolti vengono trattati per l\u2019invio di comunicazioni informative tramite newsletter relative a prodotti, servizi, iniziative e novit\u00e0 del Titolare.<\/p>\n\n\n\n<p>La base giuridica per il trattamento dei dati personali \u00e8 rinvenibile nell\u2019art. 6 par. 1, lett. a) GDPR il quale prevede che il trattamento \u00e8 lecito solo se l\u2019interessato ha espresso il proprio consenso per una o pi\u00f9 specifiche finalit\u00e0.<\/p>\n\n\n\n<p>3. <strong>Necessit\u00e0 del conferimento<\/strong><\/p>\n\n\n\n<p>Il conferimento del dato personale (e-mail) \u00e8 facoltativo, ma necessario per potersi iscrivere alla newsletter e ricevere le relative comunicazioni.<\/p>\n\n\n\n<p>In mancanza del conferimento, non sar\u00e0 possibile procedere con l\u2019iscrizione.<\/p>\n\n\n\n<p>4. <strong>Chi pu\u00f2 venire a conoscenza dei suoi dati e perch\u00e9<\/strong><\/p>\n\n\n\n<p>I Suoi dati personali (nome, cognome, email) potranno essere trattati esclusivamente da personale autorizzato del Titolare, previamente istruito e formato in materia di protezione dei dati personali.<\/p>\n\n\n\n<p>Tutti i soggetti sopra indicati tratteranno i dati nel rispetto delle istruzioni impartite dal Titolare e unicamente per le finalit\u00e0 indicate.<\/p>\n\n\n\n<p>5. <strong>Periodo di conservazione dei dati<\/strong><\/p>\n\n\n\n<p>I dati personali raccolti per l\u2019invio della newsletter (email) saranno conservati fino a quando l\u2019interessato non revocher\u00e0 il consenso. La revoca \u00e8 esercitabile in qualsiasi momento seguendo la procedura di cancellazione riportata nel footer di ogni comunicazione oppure scrivendo una email ai recapiti indicati in questa informativa.<\/p>\n\n\n\n<p>6. <strong>Quali sono i suoi diritti<\/strong><\/p>\n\n\n\n<p>Lei potr\u00e0 esercitare in qualsiasi momento i diritti previsti dagli artt. 15 a 22 del Regolamento ivi compresi il diritto di proporre reclami amministrativi o giurisdizionali (artt. 77 e ss. \u2011 Capo VIII del Regolamento). e, in particolare:<\/p>\n\n\n\n<ul class=\"wp-block-list\">\n<li>il diritto di chiedere al Titolare del trattamento l&#8217;accesso ai dati personali, la rettifica o la cancellazione degli stessi o la limitazione del trattamento dei dati che lo riguardano o di opporsi al loro trattamento, oltre al diritto alla portabilit\u00e0 e all\u2019accesso dei dati;<\/li>\n\n\n\n<li>il diritto di revocare il consenso in qualsiasi momento senza pregiudicare la liceit\u00e0 del trattamento basata sul consenso prestato prima della revoca, a chiedere la cancellazione, la trasformazione in forma anonima o il blocco dei dati trattati in violazioni di legge;<\/li>\n\n\n\n<li>il diritto di proporre un reclamo al Garante per la protezione dei dati personali.<\/li>\n<\/ul>\n\n\n\n<p>Per una disamina approfondita dei diritti che La riguardano, gli articoli sopra menzionati possono essere consultati al seguente link: <a href=\"http:\/\/www.garanteprivacy.it\"><strong>www.<\/strong><\/a><a href=\"http:\/\/www.garanteprivacy.it\" target=\"_blank\" rel=\"noopener\" title=\"\"><strong>garanteprivacy<\/strong><\/a><a href=\"http:\/\/www.garanteprivacy.it\"><strong>.it<\/strong><\/a>.<\/p>\n\n\n\n<p>Le richieste relative ai diritti, sopra elencate, vanno rivolte:<\/p>\n\n\n\n<ul class=\"wp-block-list\">\n<li>via e-mail, all&#8217;indirizzo: <a href=\"mailto:dpo@notartel.it\"><strong>dpo@notartel.it<\/strong><\/a>;<\/li>\n\n\n\n<li>oppure via posta, a Notartel, Via Giovanni Vincenzo Gravina, 4 &#8211; 00196 Roma, c\/a.: DPO.<\/li>\n<\/ul>\n\n\n\n<p><\/p>\n<\/div>","protected":false},"excerpt":{"rendered":"<p>INFORMATIVA SUL TRATTAMENTO DEI DATI PERSONALI in conformit\u00e0 alle disposizioni dell\u2019art. 13 Regolamento UE 679\/2016 sul trattamento dei dati personali &#8211; (Regolamento) Ai sensi dell&#8217;art. 13 del Regolamento, che tutela i diritti e le libert\u00e0 delle persone i cui dati personali sono sottoposti a trattamento \u00e8 nostra cura fornirLe alcune informazioni relative al trattamento dei Suoi dati personali per l\u2019invio di comunicazioni informative tramite newsletter. Notartel S.p.A.-S.B., societ\u00e0 informatica del notariato con sede legale in via G.V.Gravina 4 \u2011 00196 Roma, P.IVA 05364151000 e numero di iscrizione nel registro delle imprese di Roma 05364151000 La informa di essere il Titolare del trattamento dei dati indicati nella presente informativa. Il Titolare ha nominato un Responsabile della Protezione dei Dati i cui<\/p>\n","protected":false},"author":7,"featured_media":0,"parent":0,"menu_order":0,"comment_status":"closed","ping_status":"closed","template":"","meta":{"_acf_changed":false,"_editorskit_title_hidden":false,"_editorskit_reading_time":0,"_editorskit_is_block_options_detached":false,"_editorskit_block_options_position":"{}","footnotes":""},"class_list":["post-6193","page","type-page","status-publish","hentry"],"acf":[],"aioseo_notices":[],"_links":{"self":[{"href":"https:\/\/infonews.notartel.it\/index.php\/wp-json\/wp\/v2\/pages\/6193"}],"collection":[{"href":"https:\/\/infonews.notartel.it\/index.php\/wp-json\/wp\/v2\/pages"}],"about":[{"href":"https:\/\/infonews.notartel.it\/index.php\/wp-json\/wp\/v2\/types\/page"}],"author":[{"embeddable":true,"href":"https:\/\/infonews.notartel.it\/index.php\/wp-json\/wp\/v2\/users\/7"}],"replies":[{"embeddable":true,"href":"https:\/\/infonews.notartel.it\/index.php\/wp-json\/wp\/v2\/comments?post=6193"}],"version-history":[{"count":5,"href":"https:\/\/infonews.notartel.it\/index.php\/wp-json\/wp\/v2\/pages\/6193\/revisions"}],"predecessor-version":[{"id":6199,"href":"https:\/\/infonews.notartel.it\/index.php\/wp-json\/wp\/v2\/pages\/6193\/revisions\/6199"}],"wp:attachment":[{"href":"https:\/\/infonews.notartel.it\/index.php\/wp-json\/wp\/v2\/media?parent=6193"}],"curies":[{"name":"wp","href":"https:\/\/api.w.org\/{rel}","templated":true}]}}

<div class="post-content">
<p><strong>INFORMATIVA SUL TRATTAMENTO DEI DATI PERSONALI</strong><strong></strong></p>



<p><strong><em>in conformità alle disposizioni dell’art. 13 </em></strong><strong><em>Regolamento </em></strong><strong><em>UE </em></strong><strong><em>679/2016</em></strong><strong><em> sul trattamento dei dati personali &#8211; (Regolamento)</em></strong></p>



<p>Ai sensi dell&#8217;art. 13 del Regolamento, che tutela i diritti e le libertà delle persone i cui dati personali sono sottoposti a trattamento è nostra cura fornirLe alcune informazioni relative al trattamento dei Suoi dati personali per l’invio di comunicazioni informative tramite newsletter.</p>



<p>Notartel S.p.A.-S.B., società informatica del notariato con sede legale in via G.V.Gravina 4 ‑ 00196 Roma, P.IVA 05364151000 e numero di iscrizione nel registro delle imprese di Roma 05364151000 La informa di essere il Titolare del trattamento dei dati indicati nella presente informativa.</p>



<p>Il Titolare ha nominato un Responsabile della Protezione dei Dati i cui dati di contatto sono indicati in calce a questa informativa.</p>



<p>Il trattamento sarà effettuato nel rispetto dei principi di correttezza, liceità e trasparenza, nonché a tutela della Sua riservatezza e dei Suoi diritti.</p>



<p>1. <strong>Quali dati prendiamo durante la registrazione</strong></p>



<ol class="wp-block-list"></ol>



<p>Per l’invio della newsletter, il Titolare raccoglie e tratta il seguente dato personale fornito volontariamente dall’interessato al momento dell’iscrizione:</p>



<ul class="wp-block-list">
<li>e-mail</li>
</ul>



<p>2. <strong>Per quali finalità e su quale base giuridica effettuiamo il trattamento dei Suoi dati personali</strong></p>



<p>I dati raccolti vengono trattati per l’invio di comunicazioni informative tramite newsletter relative a prodotti, servizi, iniziative e novità del Titolare.</p>



<p>La base giuridica per il trattamento dei dati personali è rinvenibile nell’art. 6 par. 1, lett. a) GDPR il quale prevede che il trattamento è lecito solo se l’interessato ha espresso il proprio consenso per una o più specifiche finalità.</p>



<p>3. <strong>Necessità del conferimento</strong></p>



<p>Il conferimento del dato personale (e-mail) è facoltativo, ma necessario per potersi iscrivere alla newsletter e ricevere le relative comunicazioni.</p>



<p>In mancanza del conferimento, non sarà possibile procedere con l’iscrizione.</p>



<p>4. <strong>Chi può venire a conoscenza dei suoi dati e perché</strong></p>



<p>I Suoi dati personali (nome, cognome, email) potranno essere trattati esclusivamente da personale autorizzato del Titolare, previamente istruito e formato in materia di protezione dei dati personali.</p>



<p>Tutti i soggetti sopra indicati tratteranno i dati nel rispetto delle istruzioni impartite dal Titolare e unicamente per le finalità indicate.</p>



<p>5. <strong>Periodo di conservazione dei dati</strong></p>



<p>I dati personali raccolti per l’invio della newsletter (email) saranno conservati fino a quando l’interessato non revocherà il consenso. La revoca è esercitabile in qualsiasi momento seguendo la procedura di cancellazione riportata nel footer di ogni comunicazione oppure scrivendo una email ai recapiti indicati in questa informativa.</p>



<p>6. <strong>Quali sono i suoi diritti</strong></p>



<p>Lei potrà esercitare in qualsiasi momento i diritti previsti dagli artt. 15 a 22 del Regolamento ivi compresi il diritto di proporre reclami amministrativi o giurisdizionali (artt. 77 e ss. ‑ Capo VIII del Regolamento). e, in particolare:</p>



<ul class="wp-block-list">
<li>il diritto di chiedere al Titolare del trattamento l&#8217;accesso ai dati personali, la rettifica o la cancellazione degli stessi o la limitazione del trattamento dei dati che lo riguardano o di opporsi al loro trattamento, oltre al diritto alla portabilità e all’accesso dei dati;</li>



<li>il diritto di revocare il consenso in qualsiasi momento senza pregiudicare la liceità del trattamento basata sul consenso prestato prima della revoca, a chiedere la cancellazione, la trasformazione in forma anonima o il blocco dei dati trattati in violazioni di legge;</li>



<li>il diritto di proporre un reclamo al Garante per la protezione dei dati personali.</li>
</ul>



<p>Per una disamina approfondita dei diritti che La riguardano, gli articoli sopra menzionati possono essere consultati al seguente link: <a href="http://www.garanteprivacy.it"><strong>www.</strong></a><a href="http://www.garanteprivacy.it" target="_blank" rel="noopener" title=""><strong>garanteprivacy</strong></a><a href="http://www.garanteprivacy.it"><strong>.it</strong></a>.</p>



<p>Le richieste relative ai diritti, sopra elencate, vanno rivolte:</p>



<ul class="wp-block-list">
<li>via e-mail, all&#8217;indirizzo: <a href="mailto:dpo@notartel.it"><strong>dpo@notartel.it</strong></a>;</li>



<li>oppure via posta, a Notartel, Via Giovanni Vincenzo Gravina, 4 &#8211; 00196 Roma, c/a.: DPO.</li>
</ul>



<p></p>
</div>

<p>INFORMATIVA SUL TRATTAMENTO DEI DATI PERSONALI in conformità alle disposizioni dell’art. 13 Regolamento UE 679/2016 sul trattamento dei dati personali &#8211; (Regolamento) Ai sensi dell&#8217;art. 13 del Regolamento, che tutela i diritti e le libertà delle persone i cui dati personali sono sottoposti a trattamento è nostra cura fornirLe alcune informazioni relative al trattamento dei Suoi dati personali per l’invio di comunicazioni informative tramite newsletter. Notartel S.p.A.-S.B., società informatica del notariato con sede legale in via G.V.Gravina 4 ‑ 00196 Roma, P.IVA 05364151000 e numero di iscrizione nel registro delle imprese di Roma 05364151000 La informa di essere il Titolare del trattamento dei dati indicati nella presente informativa. Il Titolare ha nominato un Responsabile della Protezione dei Dati i cui</p>
